{"id":4961,"date":"2024-03-02T20:48:37","date_gmt":"2024-03-02T20:48:37","guid":{"rendered":"https:\/\/asafi-ec.com\/?page_id=4961"},"modified":"2025-07-27T14:46:27","modified_gmt":"2025-07-27T14:46:27","slug":"medias","status":"publish","type":"page","link":"https:\/\/asafi.sn\/?page_id=4961","title":{"rendered":"M\u00e9dias"},"content":{"rendered":"<p><!-- title center --><br \/>\n\t\t\t\t\t\t\t<!-- icon position --><br \/>\n\t\t\t\t\t\t\t<!-- end icon position --><br \/>\n\t\t\t\t\t\t\t<!-- title top --><\/p>\n<h2>M\u00e9dias<\/h2>\n<p>\t\t\t\t\t\t\t<!-- icon position --><br \/>\n\t\t\t\t\t\t\t<!-- end icon position --><br \/>\n\t\t\t\t\t\t\t<!-- title middle --><\/p>\n<h3>Galerie Photos<\/h3>\n<p>\t\t\t\t\t\t\t\t\t\t\t\t\t\t<!-- title bottom --><br \/>\n\t\t\t\t\t\t\t<!-- image --><br \/>\n\t\t\t\t\t\t\t\t\t<img loading=\"lazy\" width=\"189\" height=\"18\" src=\"https:\/\/asafi.sn\/wp-content\/uploads\/2017\/10\/icon.png\" alt=\"\" decoding=\"async\" \/><br \/>\n\t\t\t\t\t\t\t\t\t\t\t\t\t\t<!-- icon --><br \/>\n\t\t\t\t\t\t\t<!-- bar --><br \/>\n\t\t\t\t\t\t\t\t\t\t\t\t\t\t<!-- circle bar --><br \/>\n\t\t\t\t\t\t\t<!-- content --><\/p>\n<p>Ev\u00e9nements, rencontres, r\u00e9unions <\/p>\n<p>\t\t\t\t\t\t\t<!-- inner title --><br \/>\n\t\t\t\t\t\t\t\t\t\t\t<!-- single portfolio --><br \/>\n\t\t\t\t\t\t\t\t<img loading=\"lazy\" width=\"560\" height=\"560\" src=\"https:\/\/asafi.sn\/wp-content\/uploads\/2025\/07\/690063bf-84c7-497f-8dc1-ace7391777b0-560x560.jpg\" alt=\"\" decoding=\"async\" srcset=\"https:\/\/asafi.sn\/wp-content\/uploads\/2025\/07\/690063bf-84c7-497f-8dc1-ace7391777b0-560x560.jpg 560w, https:\/\/asafi.sn\/wp-content\/uploads\/2025\/07\/690063bf-84c7-497f-8dc1-ace7391777b0-150x150.jpg 150w, https:\/\/asafi.sn\/wp-content\/uploads\/2025\/07\/690063bf-84c7-497f-8dc1-ace7391777b0-450x450.jpg 450w, https:\/\/asafi.sn\/wp-content\/uploads\/2025\/07\/690063bf-84c7-497f-8dc1-ace7391777b0-106x106.jpg 106w, https:\/\/asafi.sn\/wp-content\/uploads\/2025\/07\/690063bf-84c7-497f-8dc1-ace7391777b0-70x70.jpg 70w\" sizes=\"auto, (max-width: 560px) 100vw, 560px\" \/>\t\t\t\t\t\t\t\t<\/p>\n<h3><a href=\"https:\/\/asafi.sn\/?em_portfolio=photo-9-46\">Photo 9<\/a><\/h3>\n<p>\n\t\t\t\t\t\t\t\t\t\t\t\t   50tenaire de la FAAFI\n\t\t\t\t\t\t\t\t\t\t\t\t<\/p>\n<p>\t\t\t\t\t\t\t\t\t\t\t<!-- single portfolio --><br \/>\n\t\t\t\t\t\t\t\t<img loading=\"lazy\" width=\"560\" height=\"560\" src=\"https:\/\/asafi.sn\/wp-content\/uploads\/2025\/07\/WhatsApp-Image-2025-07-07-at-15.32.24-2-560x560.jpeg\" alt=\"\" decoding=\"async\" srcset=\"https:\/\/asafi.sn\/wp-content\/uploads\/2025\/07\/WhatsApp-Image-2025-07-07-at-15.32.24-2-560x560.jpeg 560w, https:\/\/asafi.sn\/wp-content\/uploads\/2025\/07\/WhatsApp-Image-2025-07-07-at-15.32.24-2-150x150.jpeg 150w, https:\/\/asafi.sn\/wp-content\/uploads\/2025\/07\/WhatsApp-Image-2025-07-07-at-15.32.24-2-450x450.jpeg 450w, https:\/\/asafi.sn\/wp-content\/uploads\/2025\/07\/WhatsApp-Image-2025-07-07-at-15.32.24-2-106x106.jpeg 106w, https:\/\/asafi.sn\/wp-content\/uploads\/2025\/07\/WhatsApp-Image-2025-07-07-at-15.32.24-2-70x70.jpeg 70w\" sizes=\"auto, (max-width: 560px) 100vw, 560px\" \/>\t\t\t\t\t\t\t\t<\/p>\n<h3><a href=\"https:\/\/asafi.sn\/?em_portfolio=photo-9-45\">Photo 9<\/a><\/h3>\n<p>\n\t\t\t\t\t\t\t\t\t\t\t\t   d\u00e9jeuner ASAFI mai 2025\n\t\t\t\t\t\t\t\t\t\t\t\t<\/p>\n<p>\t\t\t\t\t\t\t\t\t\t\t<!-- single portfolio --><br \/>\n\t\t\t\t\t\t\t\t<img loading=\"lazy\" width=\"560\" height=\"560\" src=\"https:\/\/asafi.sn\/wp-content\/uploads\/2025\/07\/WhatsApp-Image-2025-07-07-at-15.32.24-1-560x560.jpeg\" alt=\"\" decoding=\"async\" srcset=\"https:\/\/asafi.sn\/wp-content\/uploads\/2025\/07\/WhatsApp-Image-2025-07-07-at-15.32.24-1-560x560.jpeg 560w, https:\/\/asafi.sn\/wp-content\/uploads\/2025\/07\/WhatsApp-Image-2025-07-07-at-15.32.24-1-150x150.jpeg 150w, https:\/\/asafi.sn\/wp-content\/uploads\/2025\/07\/WhatsApp-Image-2025-07-07-at-15.32.24-1-450x450.jpeg 450w, https:\/\/asafi.sn\/wp-content\/uploads\/2025\/07\/WhatsApp-Image-2025-07-07-at-15.32.24-1-106x106.jpeg 106w, https:\/\/asafi.sn\/wp-content\/uploads\/2025\/07\/WhatsApp-Image-2025-07-07-at-15.32.24-1-70x70.jpeg 70w\" sizes=\"auto, (max-width: 560px) 100vw, 560px\" \/>\t\t\t\t\t\t\t\t<\/p>\n<h3><a href=\"https:\/\/asafi.sn\/?em_portfolio=photo-9-44\">Photo 9<\/a><\/h3>\n<p>\n\t\t\t\t\t\t\t\t\t\t\t\t   d\u00e9jeuner ASAFI mai 2025\n\t\t\t\t\t\t\t\t\t\t\t\t<\/p>\n<p>\t\t\t\t\t\t\t\t\t\t\t<!-- single portfolio --><br \/>\n\t\t\t\t\t\t\t\t<img loading=\"lazy\" width=\"560\" height=\"560\" src=\"https:\/\/asafi.sn\/wp-content\/uploads\/2025\/07\/WhatsApp-Image-2025-07-07-at-15.32.24-560x560.jpeg\" alt=\"\" decoding=\"async\" srcset=\"https:\/\/asafi.sn\/wp-content\/uploads\/2025\/07\/WhatsApp-Image-2025-07-07-at-15.32.24-560x560.jpeg 560w, https:\/\/asafi.sn\/wp-content\/uploads\/2025\/07\/WhatsApp-Image-2025-07-07-at-15.32.24-150x150.jpeg 150w, https:\/\/asafi.sn\/wp-content\/uploads\/2025\/07\/WhatsApp-Image-2025-07-07-at-15.32.24-450x450.jpeg 450w, https:\/\/asafi.sn\/wp-content\/uploads\/2025\/07\/WhatsApp-Image-2025-07-07-at-15.32.24-106x106.jpeg 106w, https:\/\/asafi.sn\/wp-content\/uploads\/2025\/07\/WhatsApp-Image-2025-07-07-at-15.32.24-70x70.jpeg 70w\" sizes=\"auto, (max-width: 560px) 100vw, 560px\" \/>\t\t\t\t\t\t\t\t<\/p>\n<h3><a href=\"https:\/\/asafi.sn\/?em_portfolio=photo-9-43\">Photo 9<\/a><\/h3>\n<p>\n\t\t\t\t\t\t\t\t\t\t\t\t   d\u00e9jeuner ASAFI mai 2025\n\t\t\t\t\t\t\t\t\t\t\t\t<\/p>\n<p>\t\t\t\t\t\t\t\t\t\t\t<!-- single portfolio --><br \/>\n\t\t\t\t\t\t\t\t<img loading=\"lazy\" width=\"560\" height=\"560\" src=\"https:\/\/asafi.sn\/wp-content\/uploads\/2025\/07\/WhatsApp-Image-2025-07-07-at-15.32.23-3-560x560.jpeg\" alt=\"\" decoding=\"async\" srcset=\"https:\/\/asafi.sn\/wp-content\/uploads\/2025\/07\/WhatsApp-Image-2025-07-07-at-15.32.23-3-560x560.jpeg 560w, https:\/\/asafi.sn\/wp-content\/uploads\/2025\/07\/WhatsApp-Image-2025-07-07-at-15.32.23-3-150x150.jpeg 150w, https:\/\/asafi.sn\/wp-content\/uploads\/2025\/07\/WhatsApp-Image-2025-07-07-at-15.32.23-3-450x450.jpeg 450w, https:\/\/asafi.sn\/wp-content\/uploads\/2025\/07\/WhatsApp-Image-2025-07-07-at-15.32.23-3-106x106.jpeg 106w, https:\/\/asafi.sn\/wp-content\/uploads\/2025\/07\/WhatsApp-Image-2025-07-07-at-15.32.23-3-70x70.jpeg 70w\" sizes=\"auto, (max-width: 560px) 100vw, 560px\" \/>\t\t\t\t\t\t\t\t<\/p>\n<h3><a href=\"https:\/\/asafi.sn\/?em_portfolio=photo-9-42\">Photo 9<\/a><\/h3>\n<p>\n\t\t\t\t\t\t\t\t\t\t\t\t   d\u00e9jeuner ASAFI mai 2025\n\t\t\t\t\t\t\t\t\t\t\t\t<\/p>\n<p>\t\t\t\t\t\t\t\t\t\t\t<!-- single portfolio --><br \/>\n\t\t\t\t\t\t\t\t<img loading=\"lazy\" width=\"560\" height=\"560\" src=\"https:\/\/asafi.sn\/wp-content\/uploads\/2025\/07\/WhatsApp-Image-2025-07-07-at-15.32.23-2-560x560.jpeg\" alt=\"\" decoding=\"async\" srcset=\"https:\/\/asafi.sn\/wp-content\/uploads\/2025\/07\/WhatsApp-Image-2025-07-07-at-15.32.23-2-560x560.jpeg 560w, https:\/\/asafi.sn\/wp-content\/uploads\/2025\/07\/WhatsApp-Image-2025-07-07-at-15.32.23-2-150x150.jpeg 150w, https:\/\/asafi.sn\/wp-content\/uploads\/2025\/07\/WhatsApp-Image-2025-07-07-at-15.32.23-2-450x450.jpeg 450w, https:\/\/asafi.sn\/wp-content\/uploads\/2025\/07\/WhatsApp-Image-2025-07-07-at-15.32.23-2-106x106.jpeg 106w, https:\/\/asafi.sn\/wp-content\/uploads\/2025\/07\/WhatsApp-Image-2025-07-07-at-15.32.23-2-70x70.jpeg 70w\" sizes=\"auto, (max-width: 560px) 100vw, 560px\" \/>\t\t\t\t\t\t\t\t<\/p>\n<h3><a href=\"https:\/\/asafi.sn\/?em_portfolio=photo-9-41\">Photo 9<\/a><\/h3>\n<p>\n\t\t\t\t\t\t\t\t\t\t\t\t   d\u00e9jeuner ASAFI mai 2025\n\t\t\t\t\t\t\t\t\t\t\t\t<\/p>\n<p>\t\t\t\t\t\t\t\t\t\t\t<!-- single portfolio --><br \/>\n\t\t\t\t\t\t\t\t<img loading=\"lazy\" width=\"560\" height=\"560\" src=\"https:\/\/asafi.sn\/wp-content\/uploads\/2025\/07\/WhatsApp-Image-2025-07-07-at-15.32.23-1-560x560.jpeg\" alt=\"\" decoding=\"async\" srcset=\"https:\/\/asafi.sn\/wp-content\/uploads\/2025\/07\/WhatsApp-Image-2025-07-07-at-15.32.23-1-560x560.jpeg 560w, https:\/\/asafi.sn\/wp-content\/uploads\/2025\/07\/WhatsApp-Image-2025-07-07-at-15.32.23-1-150x150.jpeg 150w, https:\/\/asafi.sn\/wp-content\/uploads\/2025\/07\/WhatsApp-Image-2025-07-07-at-15.32.23-1-450x450.jpeg 450w, https:\/\/asafi.sn\/wp-content\/uploads\/2025\/07\/WhatsApp-Image-2025-07-07-at-15.32.23-1-106x106.jpeg 106w, https:\/\/asafi.sn\/wp-content\/uploads\/2025\/07\/WhatsApp-Image-2025-07-07-at-15.32.23-1-70x70.jpeg 70w\" sizes=\"auto, (max-width: 560px) 100vw, 560px\" \/>\t\t\t\t\t\t\t\t<\/p>\n<h3><a href=\"https:\/\/asafi.sn\/?em_portfolio=photo-9-40\">Photo 9<\/a><\/h3>\n<p>\n\t\t\t\t\t\t\t\t\t\t\t\t   d\u00e9jeuner ASAFI mai 2025\n\t\t\t\t\t\t\t\t\t\t\t\t<\/p>\n<p>\t\t\t\t\t\t\t\t\t\t\t<!-- single portfolio --><br \/>\n\t\t\t\t\t\t\t\t<img loading=\"lazy\" width=\"560\" height=\"560\" src=\"https:\/\/asafi.sn\/wp-content\/uploads\/2025\/07\/WhatsApp-Image-2025-07-07-at-15.32.23-560x560.jpeg\" alt=\"\" decoding=\"async\" srcset=\"https:\/\/asafi.sn\/wp-content\/uploads\/2025\/07\/WhatsApp-Image-2025-07-07-at-15.32.23-560x560.jpeg 560w, https:\/\/asafi.sn\/wp-content\/uploads\/2025\/07\/WhatsApp-Image-2025-07-07-at-15.32.23-150x150.jpeg 150w, https:\/\/asafi.sn\/wp-content\/uploads\/2025\/07\/WhatsApp-Image-2025-07-07-at-15.32.23-450x450.jpeg 450w, https:\/\/asafi.sn\/wp-content\/uploads\/2025\/07\/WhatsApp-Image-2025-07-07-at-15.32.23-106x106.jpeg 106w, https:\/\/asafi.sn\/wp-content\/uploads\/2025\/07\/WhatsApp-Image-2025-07-07-at-15.32.23-70x70.jpeg 70w\" sizes=\"auto, (max-width: 560px) 100vw, 560px\" \/>\t\t\t\t\t\t\t\t<\/p>\n<h3><a href=\"https:\/\/asafi.sn\/?em_portfolio=photo-9-39\">Photo 9<\/a><\/h3>\n<p>\n\t\t\t\t\t\t\t\t\t\t\t\t   d\u00e9jeuner ASAFI mai 2025\n\t\t\t\t\t\t\t\t\t\t\t\t<\/p>\n<p>\t\t\t\t\t\t\t\t\t\t\t<!-- single portfolio --><br \/>\n\t\t\t\t\t\t\t\t<img loading=\"lazy\" width=\"560\" height=\"560\" src=\"https:\/\/asafi.sn\/wp-content\/uploads\/2025\/07\/WhatsApp-Image-2025-07-07-at-15.32.22-5-560x560.jpeg\" alt=\"\" decoding=\"async\" srcset=\"https:\/\/asafi.sn\/wp-content\/uploads\/2025\/07\/WhatsApp-Image-2025-07-07-at-15.32.22-5-560x560.jpeg 560w, https:\/\/asafi.sn\/wp-content\/uploads\/2025\/07\/WhatsApp-Image-2025-07-07-at-15.32.22-5-150x150.jpeg 150w, https:\/\/asafi.sn\/wp-content\/uploads\/2025\/07\/WhatsApp-Image-2025-07-07-at-15.32.22-5-450x450.jpeg 450w, https:\/\/asafi.sn\/wp-content\/uploads\/2025\/07\/WhatsApp-Image-2025-07-07-at-15.32.22-5-106x106.jpeg 106w, https:\/\/asafi.sn\/wp-content\/uploads\/2025\/07\/WhatsApp-Image-2025-07-07-at-15.32.22-5-70x70.jpeg 70w\" sizes=\"auto, (max-width: 560px) 100vw, 560px\" \/>\t\t\t\t\t\t\t\t<\/p>\n<h3><a href=\"https:\/\/asafi.sn\/?em_portfolio=photo-9-38\">Photo 9<\/a><\/h3>\n<p>\n\t\t\t\t\t\t\t\t\t\t\t\t   d\u00e9jeuner ASAFI mai 2025\n\t\t\t\t\t\t\t\t\t\t\t\t<\/p>\n<p>\t\t\t\t\t\t\t\t\t\t\t<!-- single portfolio --><br \/>\n\t\t\t\t\t\t\t\t<img loading=\"lazy\" width=\"560\" height=\"560\" src=\"https:\/\/asafi.sn\/wp-content\/uploads\/2025\/07\/WhatsApp-Image-2025-07-07-at-15.32.22-4-560x560.jpeg\" alt=\"\" decoding=\"async\" srcset=\"https:\/\/asafi.sn\/wp-content\/uploads\/2025\/07\/WhatsApp-Image-2025-07-07-at-15.32.22-4-560x560.jpeg 560w, https:\/\/asafi.sn\/wp-content\/uploads\/2025\/07\/WhatsApp-Image-2025-07-07-at-15.32.22-4-150x150.jpeg 150w, https:\/\/asafi.sn\/wp-content\/uploads\/2025\/07\/WhatsApp-Image-2025-07-07-at-15.32.22-4-450x450.jpeg 450w, https:\/\/asafi.sn\/wp-content\/uploads\/2025\/07\/WhatsApp-Image-2025-07-07-at-15.32.22-4-106x106.jpeg 106w, https:\/\/asafi.sn\/wp-content\/uploads\/2025\/07\/WhatsApp-Image-2025-07-07-at-15.32.22-4-70x70.jpeg 70w\" sizes=\"auto, (max-width: 560px) 100vw, 560px\" \/>\t\t\t\t\t\t\t\t<\/p>\n<h3><a href=\"https:\/\/asafi.sn\/?em_portfolio=photo-9-37\">Photo 9<\/a><\/h3>\n<p>\n\t\t\t\t\t\t\t\t\t\t\t\t   d\u00e9jeuner ASAFI mai 2025\n\t\t\t\t\t\t\t\t\t\t\t\t<\/p>\n<p>\t\t\t\t\t\t\t\t\t\t\t<!-- single portfolio --><br \/>\n\t\t\t\t\t\t\t\t<img loading=\"lazy\" width=\"560\" height=\"560\" src=\"https:\/\/asafi.sn\/wp-content\/uploads\/2025\/07\/WhatsApp-Image-2025-07-07-at-15.32.22-3-560x560.jpeg\" alt=\"\" decoding=\"async\" srcset=\"https:\/\/asafi.sn\/wp-content\/uploads\/2025\/07\/WhatsApp-Image-2025-07-07-at-15.32.22-3-560x560.jpeg 560w, https:\/\/asafi.sn\/wp-content\/uploads\/2025\/07\/WhatsApp-Image-2025-07-07-at-15.32.22-3-150x150.jpeg 150w, https:\/\/asafi.sn\/wp-content\/uploads\/2025\/07\/WhatsApp-Image-2025-07-07-at-15.32.22-3-450x450.jpeg 450w, https:\/\/asafi.sn\/wp-content\/uploads\/2025\/07\/WhatsApp-Image-2025-07-07-at-15.32.22-3-106x106.jpeg 106w, https:\/\/asafi.sn\/wp-content\/uploads\/2025\/07\/WhatsApp-Image-2025-07-07-at-15.32.22-3-70x70.jpeg 70w\" sizes=\"auto, (max-width: 560px) 100vw, 560px\" \/>\t\t\t\t\t\t\t\t<\/p>\n<h3><a href=\"https:\/\/asafi.sn\/?em_portfolio=photo-9-36\">Photo 9<\/a><\/h3>\n<p>\n\t\t\t\t\t\t\t\t\t\t\t\t   d\u00e9jeuner ASAFI mai 2025\n\t\t\t\t\t\t\t\t\t\t\t\t<\/p>\n<p>\t\t\t\t\t\t\t\t\t\t\t<!-- single portfolio --><br \/>\n\t\t\t\t\t\t\t\t<img loading=\"lazy\" width=\"560\" height=\"560\" src=\"https:\/\/asafi.sn\/wp-content\/uploads\/2025\/07\/WhatsApp-Image-2025-07-07-at-15.32.22-2-560x560.jpeg\" alt=\"\" decoding=\"async\" srcset=\"https:\/\/asafi.sn\/wp-content\/uploads\/2025\/07\/WhatsApp-Image-2025-07-07-at-15.32.22-2-560x560.jpeg 560w, https:\/\/asafi.sn\/wp-content\/uploads\/2025\/07\/WhatsApp-Image-2025-07-07-at-15.32.22-2-150x150.jpeg 150w, https:\/\/asafi.sn\/wp-content\/uploads\/2025\/07\/WhatsApp-Image-2025-07-07-at-15.32.22-2-450x450.jpeg 450w, https:\/\/asafi.sn\/wp-content\/uploads\/2025\/07\/WhatsApp-Image-2025-07-07-at-15.32.22-2-106x106.jpeg 106w, https:\/\/asafi.sn\/wp-content\/uploads\/2025\/07\/WhatsApp-Image-2025-07-07-at-15.32.22-2-70x70.jpeg 70w\" sizes=\"auto, (max-width: 560px) 100vw, 560px\" \/>\t\t\t\t\t\t\t\t<\/p>\n<h3><a href=\"https:\/\/asafi.sn\/?em_portfolio=photo-9-35\">Photo 9<\/a><\/h3>\n<p>\n\t\t\t\t\t\t\t\t\t\t\t\t   d\u00e9jeuner ASAFI mai 2025\n\t\t\t\t\t\t\t\t\t\t\t\t<\/p>\n<p>\t\t\t\t\t\t\t\t\t\t\t<!-- single portfolio --><br \/>\n\t\t\t\t\t\t\t\t<img loading=\"lazy\" width=\"560\" height=\"560\" src=\"https:\/\/asafi.sn\/wp-content\/uploads\/2025\/07\/WhatsApp-Image-2025-07-07-at-15.32.22-1-560x560.jpeg\" alt=\"\" decoding=\"async\" srcset=\"https:\/\/asafi.sn\/wp-content\/uploads\/2025\/07\/WhatsApp-Image-2025-07-07-at-15.32.22-1-560x560.jpeg 560w, https:\/\/asafi.sn\/wp-content\/uploads\/2025\/07\/WhatsApp-Image-2025-07-07-at-15.32.22-1-150x150.jpeg 150w, https:\/\/asafi.sn\/wp-content\/uploads\/2025\/07\/WhatsApp-Image-2025-07-07-at-15.32.22-1-450x450.jpeg 450w, https:\/\/asafi.sn\/wp-content\/uploads\/2025\/07\/WhatsApp-Image-2025-07-07-at-15.32.22-1-106x106.jpeg 106w, https:\/\/asafi.sn\/wp-content\/uploads\/2025\/07\/WhatsApp-Image-2025-07-07-at-15.32.22-1-70x70.jpeg 70w\" sizes=\"auto, (max-width: 560px) 100vw, 560px\" \/>\t\t\t\t\t\t\t\t<\/p>\n<h3><a href=\"https:\/\/asafi.sn\/?em_portfolio=photo-9-34\">Photo 9<\/a><\/h3>\n<p>\n\t\t\t\t\t\t\t\t\t\t\t\t   d\u00e9jeuner ASAFI mai 2025\n\t\t\t\t\t\t\t\t\t\t\t\t<\/p>\n<p>\t\t\t\t\t\t\t\t\t\t\t<!-- single portfolio --><br \/>\n\t\t\t\t\t\t\t\t<img loading=\"lazy\" width=\"560\" height=\"560\" src=\"https:\/\/asafi.sn\/wp-content\/uploads\/2025\/07\/WhatsApp-Image-2025-07-07-at-15.32.21-3-560x560.jpeg\" alt=\"\" decoding=\"async\" srcset=\"https:\/\/asafi.sn\/wp-content\/uploads\/2025\/07\/WhatsApp-Image-2025-07-07-at-15.32.21-3-560x560.jpeg 560w, https:\/\/asafi.sn\/wp-content\/uploads\/2025\/07\/WhatsApp-Image-2025-07-07-at-15.32.21-3-150x150.jpeg 150w, https:\/\/asafi.sn\/wp-content\/uploads\/2025\/07\/WhatsApp-Image-2025-07-07-at-15.32.21-3-450x450.jpeg 450w, https:\/\/asafi.sn\/wp-content\/uploads\/2025\/07\/WhatsApp-Image-2025-07-07-at-15.32.21-3-106x106.jpeg 106w, https:\/\/asafi.sn\/wp-content\/uploads\/2025\/07\/WhatsApp-Image-2025-07-07-at-15.32.21-3-70x70.jpeg 70w\" sizes=\"auto, (max-width: 560px) 100vw, 560px\" \/>\t\t\t\t\t\t\t\t<\/p>\n<h3><a href=\"https:\/\/asafi.sn\/?em_portfolio=photo-9-33\">Photo 9<\/a><\/h3>\n<p>\n\t\t\t\t\t\t\t\t\t\t\t\t   d\u00e9jeuner ASAFI mai 2025\n\t\t\t\t\t\t\t\t\t\t\t\t<\/p>\n<p>\t\t\t\t\t\t\t\t\t\t\t<!-- single portfolio --><br \/>\n\t\t\t\t\t\t\t\t<img loading=\"lazy\" width=\"560\" height=\"560\" src=\"https:\/\/asafi.sn\/wp-content\/uploads\/2025\/07\/WhatsApp-Image-2025-07-07-at-15.32.21-2-560x560.jpeg\" alt=\"\" decoding=\"async\" srcset=\"https:\/\/asafi.sn\/wp-content\/uploads\/2025\/07\/WhatsApp-Image-2025-07-07-at-15.32.21-2-560x560.jpeg 560w, https:\/\/asafi.sn\/wp-content\/uploads\/2025\/07\/WhatsApp-Image-2025-07-07-at-15.32.21-2-150x150.jpeg 150w, https:\/\/asafi.sn\/wp-content\/uploads\/2025\/07\/WhatsApp-Image-2025-07-07-at-15.32.21-2-450x450.jpeg 450w, https:\/\/asafi.sn\/wp-content\/uploads\/2025\/07\/WhatsApp-Image-2025-07-07-at-15.32.21-2-106x106.jpeg 106w, https:\/\/asafi.sn\/wp-content\/uploads\/2025\/07\/WhatsApp-Image-2025-07-07-at-15.32.21-2-70x70.jpeg 70w\" sizes=\"auto, (max-width: 560px) 100vw, 560px\" \/>\t\t\t\t\t\t\t\t<\/p>\n<h3><a href=\"https:\/\/asafi.sn\/?em_portfolio=photo-9-32\">Photo 9<\/a><\/h3>\n<p>\n\t\t\t\t\t\t\t\t\t\t\t\t   d\u00e9jeuner ASAFI mai 2025\n\t\t\t\t\t\t\t\t\t\t\t\t<\/p>\n<p>\t\t\t\t\t\t\t\t\t\t\t<!-- single portfolio --><br \/>\n\t\t\t\t\t\t\t\t<img loading=\"lazy\" width=\"560\" height=\"560\" src=\"https:\/\/asafi.sn\/wp-content\/uploads\/2025\/07\/WhatsApp-Image-2025-07-07-at-15.32.21-1-560x560.jpeg\" alt=\"\" decoding=\"async\" srcset=\"https:\/\/asafi.sn\/wp-content\/uploads\/2025\/07\/WhatsApp-Image-2025-07-07-at-15.32.21-1-560x560.jpeg 560w, https:\/\/asafi.sn\/wp-content\/uploads\/2025\/07\/WhatsApp-Image-2025-07-07-at-15.32.21-1-150x150.jpeg 150w, https:\/\/asafi.sn\/wp-content\/uploads\/2025\/07\/WhatsApp-Image-2025-07-07-at-15.32.21-1-450x450.jpeg 450w, https:\/\/asafi.sn\/wp-content\/uploads\/2025\/07\/WhatsApp-Image-2025-07-07-at-15.32.21-1-106x106.jpeg 106w, https:\/\/asafi.sn\/wp-content\/uploads\/2025\/07\/WhatsApp-Image-2025-07-07-at-15.32.21-1-70x70.jpeg 70w\" sizes=\"auto, (max-width: 560px) 100vw, 560px\" \/>\t\t\t\t\t\t\t\t<\/p>\n<h3><a href=\"https:\/\/asafi.sn\/?em_portfolio=photo-9-31\">Photo 9<\/a><\/h3>\n<p>\n\t\t\t\t\t\t\t\t\t\t\t\t   d\u00e9jeuner ASAFI mai 2025\n\t\t\t\t\t\t\t\t\t\t\t\t<\/p>\n<p>\t\t\t\t\t\t\t\t\t\t\t<!-- single portfolio --><br \/>\n\t\t\t\t\t\t\t\t<img loading=\"lazy\" width=\"560\" height=\"560\" src=\"https:\/\/asafi.sn\/wp-content\/uploads\/2025\/07\/WhatsApp-Image-2025-07-07-at-15.32.21-560x560.jpeg\" alt=\"\" decoding=\"async\" srcset=\"https:\/\/asafi.sn\/wp-content\/uploads\/2025\/07\/WhatsApp-Image-2025-07-07-at-15.32.21-560x560.jpeg 560w, https:\/\/asafi.sn\/wp-content\/uploads\/2025\/07\/WhatsApp-Image-2025-07-07-at-15.32.21-150x150.jpeg 150w, https:\/\/asafi.sn\/wp-content\/uploads\/2025\/07\/WhatsApp-Image-2025-07-07-at-15.32.21-450x450.jpeg 450w, https:\/\/asafi.sn\/wp-content\/uploads\/2025\/07\/WhatsApp-Image-2025-07-07-at-15.32.21-106x106.jpeg 106w, https:\/\/asafi.sn\/wp-content\/uploads\/2025\/07\/WhatsApp-Image-2025-07-07-at-15.32.21-70x70.jpeg 70w\" sizes=\"auto, (max-width: 560px) 100vw, 560px\" \/>\t\t\t\t\t\t\t\t<\/p>\n<h3><a href=\"https:\/\/asafi.sn\/?em_portfolio=photo-9-30\">Photo 9<\/a><\/h3>\n<p>\n\t\t\t\t\t\t\t\t\t\t\t\t   d\u00e9jeuner ASAFI mai 2025\n\t\t\t\t\t\t\t\t\t\t\t\t<\/p>\n<p>\t\t\t\t\t\t\t\t\t\t\t<!-- single portfolio --><br \/>\n\t\t\t\t\t\t\t\t<img loading=\"lazy\" width=\"560\" height=\"560\" src=\"https:\/\/asafi.sn\/wp-content\/uploads\/2025\/07\/WhatsApp-Image-2025-07-07-at-15.32.20-2-1-560x560.jpeg\" alt=\"\" decoding=\"async\" srcset=\"https:\/\/asafi.sn\/wp-content\/uploads\/2025\/07\/WhatsApp-Image-2025-07-07-at-15.32.20-2-1-560x560.jpeg 560w, https:\/\/asafi.sn\/wp-content\/uploads\/2025\/07\/WhatsApp-Image-2025-07-07-at-15.32.20-2-1-150x150.jpeg 150w, https:\/\/asafi.sn\/wp-content\/uploads\/2025\/07\/WhatsApp-Image-2025-07-07-at-15.32.20-2-1-450x450.jpeg 450w, https:\/\/asafi.sn\/wp-content\/uploads\/2025\/07\/WhatsApp-Image-2025-07-07-at-15.32.20-2-1-106x106.jpeg 106w, https:\/\/asafi.sn\/wp-content\/uploads\/2025\/07\/WhatsApp-Image-2025-07-07-at-15.32.20-2-1-70x70.jpeg 70w\" sizes=\"auto, (max-width: 560px) 100vw, 560px\" \/>\t\t\t\t\t\t\t\t<\/p>\n<h3><a href=\"https:\/\/asafi.sn\/?em_portfolio=photo-9-29\">Photo 9<\/a><\/h3>\n<p>\n\t\t\t\t\t\t\t\t\t\t\t\t   d\u00e9jeuner ASAFI mai 2025\n\t\t\t\t\t\t\t\t\t\t\t\t<\/p>\n<p>\t\t\t\t\t\t\t\t\t\t\t<!-- single portfolio --><br \/>\n\t\t\t\t\t\t\t\t<img loading=\"lazy\" width=\"560\" height=\"560\" src=\"https:\/\/asafi.sn\/wp-content\/uploads\/2025\/07\/WhatsApp-Image-2025-07-07-at-15.32.20-2-560x560.jpeg\" alt=\"\" decoding=\"async\" srcset=\"https:\/\/asafi.sn\/wp-content\/uploads\/2025\/07\/WhatsApp-Image-2025-07-07-at-15.32.20-2-560x560.jpeg 560w, https:\/\/asafi.sn\/wp-content\/uploads\/2025\/07\/WhatsApp-Image-2025-07-07-at-15.32.20-2-150x150.jpeg 150w, https:\/\/asafi.sn\/wp-content\/uploads\/2025\/07\/WhatsApp-Image-2025-07-07-at-15.32.20-2-450x450.jpeg 450w, https:\/\/asafi.sn\/wp-content\/uploads\/2025\/07\/WhatsApp-Image-2025-07-07-at-15.32.20-2-106x106.jpeg 106w, https:\/\/asafi.sn\/wp-content\/uploads\/2025\/07\/WhatsApp-Image-2025-07-07-at-15.32.20-2-70x70.jpeg 70w\" sizes=\"auto, (max-width: 560px) 100vw, 560px\" \/>\t\t\t\t\t\t\t\t<\/p>\n<h3><a href=\"https:\/\/asafi.sn\/?em_portfolio=photo-9-28\">Photo 9<\/a><\/h3>\n<p>\n\t\t\t\t\t\t\t\t\t\t\t\t   d\u00e9jeuner ASAFI mai 2025\n\t\t\t\t\t\t\t\t\t\t\t\t<\/p>\n<p>\t\t\t\t\t\t\t\t\t\t\t<!-- single portfolio --><br \/>\n\t\t\t\t\t\t\t\t<img loading=\"lazy\" width=\"560\" height=\"560\" src=\"https:\/\/asafi.sn\/wp-content\/uploads\/2025\/07\/WhatsApp-Image-2025-07-07-at-15.32.20-1-1-560x560.jpeg\" alt=\"\" decoding=\"async\" srcset=\"https:\/\/asafi.sn\/wp-content\/uploads\/2025\/07\/WhatsApp-Image-2025-07-07-at-15.32.20-1-1-560x560.jpeg 560w, https:\/\/asafi.sn\/wp-content\/uploads\/2025\/07\/WhatsApp-Image-2025-07-07-at-15.32.20-1-1-150x150.jpeg 150w, https:\/\/asafi.sn\/wp-content\/uploads\/2025\/07\/WhatsApp-Image-2025-07-07-at-15.32.20-1-1-450x450.jpeg 450w, https:\/\/asafi.sn\/wp-content\/uploads\/2025\/07\/WhatsApp-Image-2025-07-07-at-15.32.20-1-1-106x106.jpeg 106w, https:\/\/asafi.sn\/wp-content\/uploads\/2025\/07\/WhatsApp-Image-2025-07-07-at-15.32.20-1-1-70x70.jpeg 70w\" sizes=\"auto, (max-width: 560px) 100vw, 560px\" \/>\t\t\t\t\t\t\t\t<\/p>\n<h3><a href=\"https:\/\/asafi.sn\/?em_portfolio=photo-9-27\">Photo 9<\/a><\/h3>\n<p>\n\t\t\t\t\t\t\t\t\t\t\t\t   d\u00e9jeuner ASAFI mai 2025\n\t\t\t\t\t\t\t\t\t\t\t\t<\/p>\n<p>\t\t\t\t\t\t<!-- START PAGINATION --><\/p>\n<ul class='page-numbers'>\n<li>1<\/li>\n<li><a href=\"https:\/\/asafi.sn\/wp-admin\/admin-ajax.php\/?paged=2\">2<\/a><\/li>\n<li><a href=\"https:\/\/asafi.sn\/wp-admin\/admin-ajax.php\/?paged=3\">3<\/a><\/li>\n<li><a href=\"https:\/\/asafi.sn\/wp-admin\/admin-ajax.php\/?paged=2\"><\/a><\/li>\n<\/ul>\n<p>\t\t\t\t\t\t\t\t\t\t<!-- title center --><br \/>\n\t\t\t\t\t\t\t<!-- icon position --><br \/>\n\t\t\t\t\t\t\t<!-- end icon position --><br \/>\n\t\t\t\t\t\t\t<!-- title top --><\/p>\n<h2>M\u00e9dias<\/h2>\n<p>\t\t\t\t\t\t\t<!-- icon position --><br \/>\n\t\t\t\t\t\t\t<!-- end icon position --><br \/>\n\t\t\t\t\t\t\t<!-- title middle --><\/p>\n<h3>Galerie Vid\u00e9os<\/h3>\n<p>\t\t\t\t\t\t\t\t\t\t\t\t\t\t<!-- title bottom --><br \/>\n\t\t\t\t\t\t\t<!-- image --><br \/>\n\t\t\t\t\t\t\t\t\t<img loading=\"lazy\" width=\"189\" height=\"18\" src=\"https:\/\/asafi.sn\/wp-content\/uploads\/2017\/10\/icon.png\" alt=\"\" decoding=\"async\" \/><br \/>\n\t\t\t\t\t\t\t\t\t\t\t\t\t\t<!-- icon --><br \/>\n\t\t\t\t\t\t\t<!-- bar --><br \/>\n\t\t\t\t\t\t\t\t\t\t\t\t\t\t<!-- circle bar --><br \/>\n\t\t\t\t\t\t\t<!-- content --><br \/>\n\t\t\t\t\t\t\t<!-- inner title --><br \/>\n\t\t<div style=\"width: 640px;\" class=\"wp-video\"><video class=\"wp-video-shortcode\" id=\"video-4961-1\" width=\"640\" height=\"360\" preload=\"metadata\" controls=\"controls\"><source type=\"video\/mp4\" src=\"https:\/\/asafi.sn\/wp-content\/uploads\/2024\/07\/WhatsApp-Video-2024-07-09-a-13.11.22_fa18d4ec.mp4https:\/\/asafi.sn\/wp-content\/uploads\/2024\/07\/WhatsApp-Video-2024-07-09-a-13.11.22_fa18d4ec.mp4?_=1\" \/><a href=\"https:\/\/asafi.sn\/wp-content\/uploads\/2024\/07\/WhatsApp-Video-2024-07-09-a-13.11.22_fa18d4ec.mp4https:\/\/asafi.sn\/wp-content\/uploads\/2024\/07\/WhatsApp-Video-2024-07-09-a-13.11.22_fa18d4ec.mp4\">https:\/\/asafi.sn\/wp-content\/uploads\/2024\/07\/WhatsApp-Video-2024-07-09-a-13.11.22_fa18d4ec.mp4https:\/\/asafi.sn\/wp-content\/uploads\/2024\/07\/WhatsApp-Video-2024-07-09-a-13.11.22_fa18d4ec.mp4<\/a><\/video><\/div><\/p>\n","protected":false},"excerpt":{"rendered":"<p>M\u00e9dias Galerie Photos Ev\u00e9nements, rencontres, r\u00e9unions Photo 9 50tenaire de la FAAFI Photo 9 d\u00e9jeuner ASAFI mai 2025 Photo 9 d\u00e9jeuner ASAFI mai 2025 Photo 9 d\u00e9jeuner ASAFI mai 2025 Photo 9 d\u00e9jeuner ASAFI mai 2025 Photo 9 d\u00e9jeuner ASAFI mai 2025 Photo 9 d\u00e9jeuner ASAFI mai 2025 Photo 9 d\u00e9jeuner ASAFI mai 2025 Photo [&hellip;]<\/p>\n","protected":false},"author":1,"featured_media":0,"parent":0,"menu_order":0,"comment_status":"closed","ping_status":"closed","template":"template-home.php","meta":{"footnotes":""},"class_list":["post-4961","page","type-page","status-publish","hentry"],"_links":{"self":[{"href":"https:\/\/asafi.sn\/index.php?rest_route=\/wp\/v2\/pages\/4961","targetHints":{"allow":["GET"]}}],"collection":[{"href":"https:\/\/asafi.sn\/index.php?rest_route=\/wp\/v2\/pages"}],"about":[{"href":"https:\/\/asafi.sn\/index.php?rest_route=\/wp\/v2\/types\/page"}],"author":[{"embeddable":true,"href":"https:\/\/asafi.sn\/index.php?rest_route=\/wp\/v2\/users\/1"}],"replies":[{"embeddable":true,"href":"https:\/\/asafi.sn\/index.php?rest_route=%2Fwp%2Fv2%2Fcomments&post=4961"}],"version-history":[{"count":71,"href":"https:\/\/asafi.sn\/index.php?rest_route=\/wp\/v2\/pages\/4961\/revisions"}],"predecessor-version":[{"id":6821,"href":"https:\/\/asafi.sn\/index.php?rest_route=\/wp\/v2\/pages\/4961\/revisions\/6821"}],"wp:attachment":[{"href":"https:\/\/asafi.sn\/index.php?rest_route=%2Fwp%2Fv2%2Fmedia&parent=4961"}],"curies":[{"name":"wp","href":"https:\/\/api.w.org\/{rel}","templated":true}]}}