{"id":1291,"date":"2019-11-12T12:01:40","date_gmt":"2019-11-12T12:01:40","guid":{"rendered":"http:\/\/localhost\/astute\/?page_id=1291"},"modified":"2024-03-03T01:09:15","modified_gmt":"2024-03-03T01:09:15","slug":"contact","status":"publish","type":"page","link":"https:\/\/asafi.sn\/?page_id=1291","title":{"rendered":"Contact"},"content":{"rendered":"<h4>Association S\u00e9n\u00e9galaise des Anciens Fonctionnaires Internationaux (ASAFI)<\/h4>\n<h4>Adresse: IDEP, Rue du 18 juin, Dakar, S\u00e9n\u00e9gal, BP 12130 F12 CP 14562<\/h4>\n<h4>T\u00e9l\u00e9phone: +221 77 819 62 20<\/h4>\n<h4>Email: djibril.ndiaye@gmail.com<\/h4>\n<p>\t\t\t\t\t\t\t<!-- title --><\/p>\n<h1>Formulaire de contact<\/h1>\n<p>\t\t\t\t\t\t\t<!-- content --><\/p>\n<h2>Formulaire de contact <\/h2>\n<p role=\"status\" aria-live=\"polite\" aria-atomic=\"true\">\n<ul><\/ul>\n<form action=\"\/wp-admin\/admin-ajax.php#wpcf7-f5082-o1\" method=\"post\" aria-label=\"Formulaire de contact\" novalidate=\"novalidate\" data-status=\"init\">\n<input type=\"hidden\" name=\"_wpcf7\" value=\"5082\" \/><br \/>\n<input type=\"hidden\" name=\"_wpcf7_version\" value=\"5.8.7\" \/><br \/>\n<input type=\"hidden\" name=\"_wpcf7_locale\" value=\"fr_FR\" \/><br \/>\n<input type=\"hidden\" name=\"_wpcf7_unit_tag\" value=\"wpcf7-f5082-o1\" \/><br \/>\n<input type=\"hidden\" name=\"_wpcf7_container_post\" value=\"0\" \/><br \/>\n<input type=\"hidden\" name=\"_wpcf7_posted_data_hash\" value=\"\" \/><\/p>\n<p><label> Votre nom<br \/>\n<input size=\"40\" autocomplete=\"name\" aria-required=\"true\" aria-invalid=\"false\" value=\"\" type=\"text\" name=\"your-name\" \/> <\/label>\n<\/p>\n<p><label> Votre e-mail<br \/>\n<input size=\"40\" autocomplete=\"email\" aria-required=\"true\" aria-invalid=\"false\" value=\"\" type=\"email\" name=\"your-email\" \/> <\/label>\n<\/p>\n<p><label> Objet<br \/>\n<input size=\"40\" aria-required=\"true\" aria-invalid=\"false\" value=\"\" type=\"text\" name=\"your-subject\" \/> <\/label>\n<\/p>\n<p><label> Votre message<br \/>\n<textarea cols=\"40\" rows=\"10\" aria-invalid=\"false\" name=\"your-message\"><\/textarea> <\/label>\n<\/p>\n<p><input type=\"submit\" value=\"Envoyer\" \/>\n<\/p>\n<p style=\"display: none !important;\" data-prefix=\"_wpcf7_ak_\"><label>&#916;<textarea name=\"_wpcf7_ak_hp_textarea\" cols=\"45\" rows=\"8\" maxlength=\"100\"><\/textarea><\/label><input type=\"hidden\" id=\"ak_js_1\" name=\"_wpcf7_ak_js\" value=\"145\"\/><\/p>\n<\/form>\n<style>\/*! elementor - v3.19.0 - 26-02-2024 *\/\n.elementor-widget-google_maps .elementor-widget-container{overflow:hidden}.elementor-widget-google_maps .elementor-custom-embed{line-height:0}.elementor-widget-google_maps iframe{height:300px}<\/style>\n<p>\t\t\t<iframe loading=\"lazy\"\n\t\t\t\t\tsrc=\"https:\/\/maps.google.com\/maps?q=IDEP%2C%20Dakar%2C%20S%C3%A9n%C3%A9gal&#038;t=m&#038;z=10&#038;output=embed&#038;iwloc=near\"\n\t\t\t\t\ttitle=\"IDEP, Dakar, S\u00e9n\u00e9gal\"\n\t\t\t\t\taria-label=\"IDEP, Dakar, S\u00e9n\u00e9gal\"\n\t\t\t><\/iframe><\/p>\n","protected":false},"excerpt":{"rendered":"<p>Association S\u00e9n\u00e9galaise des Anciens Fonctionnaires Internationaux (ASAFI) Adresse: IDEP, Rue du 18 juin, Dakar, S\u00e9n\u00e9gal, BP 12130 F12 CP 14562 T\u00e9l\u00e9phone: +221 77 819 62 20 Email: djibril.ndiaye@gmail.com Formulaire de contact Formulaire de contact Votre nom Votre e-mail Objet Votre message &#916;<\/p>\n","protected":false},"author":1,"featured_media":0,"parent":0,"menu_order":0,"comment_status":"closed","ping_status":"closed","template":"template-home.php","meta":{"footnotes":""},"class_list":["post-1291","page","type-page","status-publish","hentry"],"_links":{"self":[{"href":"https:\/\/asafi.sn\/index.php?rest_route=\/wp\/v2\/pages\/1291","targetHints":{"allow":["GET"]}}],"collection":[{"href":"https:\/\/asafi.sn\/index.php?rest_route=\/wp\/v2\/pages"}],"about":[{"href":"https:\/\/asafi.sn\/index.php?rest_route=\/wp\/v2\/types\/page"}],"author":[{"embeddable":true,"href":"https:\/\/asafi.sn\/index.php?rest_route=\/wp\/v2\/users\/1"}],"replies":[{"embeddable":true,"href":"https:\/\/asafi.sn\/index.php?rest_route=%2Fwp%2Fv2%2Fcomments&post=1291"}],"version-history":[{"count":41,"href":"https:\/\/asafi.sn\/index.php?rest_route=\/wp\/v2\/pages\/1291\/revisions"}],"predecessor-version":[{"id":5088,"href":"https:\/\/asafi.sn\/index.php?rest_route=\/wp\/v2\/pages\/1291\/revisions\/5088"}],"wp:attachment":[{"href":"https:\/\/asafi.sn\/index.php?rest_route=%2Fwp%2Fv2%2Fmedia&parent=1291"}],"curies":[{"name":"wp","href":"https:\/\/api.w.org\/{rel}","templated":true}]}}